643
List the prime factors of 13858559.
11, 13, 199, 487
List the prime factors of 437824.
2, 6841
List the prime factors of 3128938.
2, 43, 36383
What are the prime factors of 5661403?
11, 41, 12553
List the prime factors of 36997365.
3, 5, 2466491
What are the prime factors of 1176031?
1176031
List the prime factors of 19416.
2, 3, 809
What are the prime factors of 3424741?
211, 16231
What are the prime factors of 101629?
11, 9239
List the prime factors of 7698844.
2, 677, 2843
What are the prime factors of 1869071?
1869071
What are the prime factors of 989194?
2, 59, 83, 101
List the prime factors of 387618.
2, 3, 7, 11, 839
List the prime factors of 274509.
3, 3389
What are the prime factors of 1244994?
2, 3, 19, 67, 163
What are the prime factors of 875461?
313, 2797
What are the prime factors of 3725403?
3, 11, 79, 1429
List the prime factors of 59387.
59387
What are the prime factors of 22420?
2, 5, 19, 59
List the prime factors of 26753112.
2, 3, 211, 587
List the prime factors of 3341372.
2, 293, 2851
What are the prime factors of 4829031?
3, 178853
What are the prime factors of 137821?
283, 487
What are the prime factors of 45223?
41, 1103
List the prime factors of 1687534.
2, 409, 2063
List the prime factors of 46155.
3, 5, 17, 181
List the prime factors of 204586.
2, 102293
List the prime factors of 505427.
13, 17, 2287
List the prime factors of 64183.
7, 53, 173
List the prime factors of 72788.
2, 31, 587
What are the prime factors of 39219541?
89, 440669
What are the prime factors of 212032?
2, 3313
List the prime factors of 182789.
182789
List the prime factors of 1208351.
23, 107, 491
What are the prime factors of 5137277?
19, 127, 2129
List the prime factors of 494537.
29, 17053
List the prime factors of 14740105.
5, 17, 19, 9127
What are the prime factors of 1349979?
3, 29, 59, 263
What are the prime factors of 13775773?
11, 1252343
What are the prime factors of 513533?
513533
List the prime factors of 1207493.
7, 17, 73, 139
What are the prime factors of 61061?
7, 11, 13, 61
What are the prime factors of 16264744?
2, 2033093
List the prime factors of 669380.
2, 5, 33469
What are the prime factors of 191083?
19, 89, 113
What are the prime factors of 350190?
2, 3, 5, 1297
What are the prime factors of 8955972?
2, 3, 193, 1289
What are the prime factors of 16510903?
16510903
List the prime factors of 3731376.
2, 3, 11, 37, 191
List the prime factors of 5410.
2, 5, 541
List the prime factors of 5976543.
3, 1992181
What are the prime factors of 867417?
3, 289139
What are the prime factors of 5140474?
2, 971, 2647
What are the prime factors of 290972?
2, 11, 17, 389
What are the prime factors of 2326710?
2, 3, 5, 77557
What are the prime factors of 1253113?
31, 40423
What are the prime factors of 327050?
2, 5, 31, 211
What are the prime factors of 25791265?
5, 19, 73, 3719
What are the prime factors of 625922?
2, 11, 23, 1237
What are the prime factors of 178173?
3, 6599
List the prime factors of 4521096.
2, 3, 6977
List the prime factors of 5807978.
2, 11, 41, 47, 137
What are the prime factors of 445325?
5, 47, 379
List the prime factors of 251301.
3, 211, 397
List the prime factors of 3323412.
2, 3, 92317
What are the prime factors of 166216?
2, 79, 263
List the prime factors of 19523519.
257, 75967
What are the prime factors of 2362451?
7, 13, 1997
List the prime factors of 488203.
488203
List the prime factors of 28544520.
2, 3, 5, 127, 1873
List the prime factors of 1099714.
2, 7, 11, 37, 193
List the prime factors of 3836766.
2, 3, 157, 4073
What are the prime factors of 4194146?
2, 11, 311, 613
What are the prime factors of 2740430?
2, 5, 7, 11, 3559
List the prime factors of 546098.
2, 7, 19, 2053
List the prime factors of 16128929.
19, 37, 22943
List the prime factors of 110429.
11, 10039
What are the prime factors of 13303421?
449, 29629
What are the prime factors of 23206300?
2, 5, 13, 17851
List the prime factors of 4707831.
3, 29, 53, 1021
List the prime factors of 1020817.
7, 83, 251
What are the prime factors of 839649?
3, 279883
List the prime factors of 1978791.
3, 659597
What are the prime factors of 290790?
2, 3, 5, 359
List the prime factors of 1767229.
1767229
List the prime factors of 1215.
3, 5
List the prime factors of 9874065.
3, 5, 29, 22699
What are the prime factors of 4424820?
2, 3, 5, 29, 2543
List the prime factors of 634486.
2, 19, 59, 283
List the prime factors of 3220952.
2, 7, 113, 509
What are the prime factors of 4297017?
3, 29, 49391
What are the prime factors of 219370?
2, 5, 21937
What are the prime factors of 4317298?
2, 2158649
List the prime factors of 11037033.
3, 7, 23, 2539
List the prime factors of 34080269.
73, 466853
List the prime factors of 3005164.
2, 751291
List the prime factors of 347302.
2, 173651
What are the prime factors of 150119?
19, 7901
List the prime factors of 19304454.
2, 3, 13, 37, 6689
What are the prime factors of 2558698?
2, 37, 71, 487
What are the prime factors of 32421775?
5, 41, 47, 673
What are the prime factors of 491893?
53, 9281
List the prime factors of 19012409.
13, 17, 86029
What are the prime factors of 5006300?
2, 5, 13, 3851
List the prime factors of 294088.
2, 36761
List the prime factors of 4104620.
2, 5, 13, 15787
What are the prime factors of 2507404?
2, 31, 73, 277
List the prime factors of 624100.
2, 5, 79
What are the prime factors of 7965639?
3, 11, 17, 4733
What are the prime factors of 7888666?
2, 359, 10987
What are the prime factors of 976808?
2, 7, 17443
List the prime factors of 352025.
5, 14081
What are the prime factors of 803516?
2, 7, 28697
List the prime factors of 2073472.
2, 97, 167
List the prime factors of 174584.
2, 139, 157
List the prime factors of 7711673.
2551, 3023
List the prime factors of 5572615.
5, 1114523
List the prime factors of 1869083.
31, 60293
What are the prime factors of 20883?
3, 6961
What are the prime factors of 6002429?
6002429
What are the prime factors of 540006?
2, 3, 90001
List the prime factors of 12996343.
59, 181, 1217
What are the prime factors of 186934?
2, 11, 29, 293
What are the prime factors of 7614198?
2, 3, 17, 149, 167
What are the prime factors of 1087168?
2, 16987
What are the prime factors of 164860?
2, 5, 8243
What are the prime factors of 9840958?
2, 2131, 2309
List the prime factors of 5598729.
3, 17, 23, 37, 43
What are the prime factors of 875371?
7, 125053
What are the prime factors of 766803?
3, 233, 1097
List the prime factors of 209625.
3, 5, 13, 43
What are the prime factors of 477232?
2, 7, 4261
What are the prime factors of 828013?
828013
List the prime factors of 27625883.
2473, 11171
What are the prime factors of 537198?
2, 3, 89533
What are the prime factors of 623815?
5, 17, 41, 179
List the prime factors of 4835363.
13, 371951
What are the prime factors of 3971962?
2, 23, 79, 1093
List the prime factors of 398646.
2, 3, 22147
What are the prime factors of 583513?
7, 31, 2689
What are the prime factors of 25870?
2, 5, 13, 199
What are the prime factors of 5035440?
2, 3, 5, 20981
List the prime factors of 1113825.
3, 5, 14851
What are the prime factors of 5363408?
2, 335213
List the prime factors of 2255584.
2, 70487
What are the prime factors of 939418?
2, 241, 1949
List the prime factors of 13311803.
31, 429413
List the prime factors of 10363168.
2, 61, 5309
What are the prime factors of 20951913?
3, 6983971
List the prime factors of 293172.
2, 3, 11, 2221
List the prime factors of 1916623.
97, 19759
List the prime factors of 72.
2, 3
What are the prime factors of 11049403?
11049403
What are the prime factors of 561279?
3, 19, 43, 229
List the prime factors of 1412678.
2, 79, 8941
What are the prime factors of 419117?
113, 3709
What are the prime factors of 629812?
2, 19, 8287
List the prime factors of 5987263.
5987263
List the prime factors of 40062652.
2, 7, 59, 24251
What are the prime factors of 292947?
3, 97649
List the prime factors of 5534496.
2, 3, 11, 1747
List the prime factors of 14524900.
2, 5, 13, 11173
List the prime factors of 970354.
2, 7, 11, 6301
What are the prime factors of 225146?
2, 112573
What are the prime factors of 5444444?
2, 389, 3499
What are the prime factors of 102796?
2, 31, 829
List the prime factors of 663353.
71, 9343
List the 